{"id":91,"date":"2025-03-05T09:45:22","date_gmt":"2025-03-05T08:45:22","guid":{"rendered":"https:\/\/strateg-it.fr\/?page_id=91"},"modified":"2025-03-05T09:45:22","modified_gmt":"2025-03-05T08:45:22","slug":"ecole-dete-academyo","status":"publish","type":"page","link":"https:\/\/strateg-it.fr\/index.php\/ecole-dete-academyo\/","title":{"rendered":"Ecole d&rsquo;\u00e9t\u00e9 AcadeMYO\u00a0"},"content":{"rendered":"\n<p><strong>L\u2019Institut de Myologie organise chaque ann\u00e9e une \u00c9cole d\u2019\u00c9t\u00e9 de Myologie pour permettre \u00e0 des professionnels de sant\u00e9 \u00e9trangers mais aussi fran\u00e7ais, en particulier ceux travaillant dans les DROM-COM (d\u00e9partements et r\u00e9gions d\u2019outre-mer et collectivit\u00e9s d\u2019outre-mer<\/strong>,&nbsp;<strong>anciennement DOM-TOM), de suivre un programme condens\u00e9 concernant l\u2019ensemble des pathologies neuromusculaires.<\/strong><\/p>\n\n\n\n<p>Cet enseignement se d\u00e9compose en cours magistraux et ateliers pratiques couvrant l\u2019ensemble des sujets li\u00e9s aux derni\u00e8res avanc\u00e9es scientifiques et th\u00e9rapeutiques en myologie.<\/p>\n\n\n\n<p><strong>L\u2019enseignement est dispens\u00e9 en langue anglaise.<\/strong><\/p>\n\n\n\n<p>L\u2019\u00c9cole d\u2019\u00c9t\u00e9 de Myologie est l\u2019occasion d\u2019\u00e9tablir des collaborations avec des \u00e9quipes venant de pays o\u00f9 les outils \u00e0 vis\u00e9e diagnostique sont encore balbutiants, en ce qui concerne notamment l\u2019histologie musculaire et les tests g\u00e9n\u00e9tiques. De ce fait, dans les quatre zones de forte endogamie, qui sont le Maghreb, la M\u00e9diterran\u00e9e orientale, le Moyen-Orient et le sous-continent indien, de nombreux professionnels sont d\u00e9sireux de recevoir une formation en Myologie.<\/p>\n\n\n\n<p><strong>L\u2019\u00c9cole d\u2019\u00c9t\u00e9 de Myologie a f\u00eat\u00e9 ses 20 ans en juin 2017<\/strong><\/p>\n\n\n\n<p>\u00ab&nbsp;En 1996, le tout jeune Institut de Myologie cherche un moyen de mieux faire conna\u00eetre sa nouvelle discipline, c\u2019est ainsi que la Summer School of Myology (SSM) ou \u00c9cole d\u2019\u00c9t\u00e9 de Myologie, en bon fran\u00e7ais, voit le jour.&nbsp;\u00bb<br><a href=\"https:\/\/www.institut-myologie.org\/wp-content\/uploads\/2015\/01\/VLM182_20ans_EcoleEteMyologie.pdf\"><strong>&gt;&nbsp;<\/strong>Retour sur 20 ans d\u2019une aventure dont le rayonnement est devenu international.<\/a><\/p>\n\n\n\n<blockquote class=\"wp-block-quote is-layout-flow wp-block-quote-is-layout-flow\">\n<p>Lire&nbsp;<a href=\"https:\/\/www.institut-myologie.org\/2021\/05\/27\/lecole-dete-de-myologie-evolue-et-devient-academyo-entretien-avec-norma-b-romero-et-j-andoni-urtizberea\/\">L\u2019\u00c9cole d\u2019\u00e9t\u00e9 de Myologie \u00e9volue et devient AcadeMYO \u2013 Entretien avec Norma B. Romero et J. Andoni Urtizberea, responsables d\u2019AcadeMYO<\/a><\/p>\n<\/blockquote>\n","protected":false},"excerpt":{"rendered":"<p>L\u2019Institut de Myologie organise chaque ann\u00e9e une \u00c9cole d\u2019\u00c9t\u00e9 de Myologie pour permettre \u00e0 des professionnels de sant\u00e9 \u00e9trangers mais aussi fran\u00e7ais, en particulier ceux travaillant dans les DROM-COM (d\u00e9partements et r\u00e9gions d\u2019outre-mer et collectivit\u00e9s d\u2019outre-mer,&nbsp;anciennement DOM-TOM), de suivre un programme condens\u00e9 concernant l\u2019ensemble des pathologies neuromusculaires. Cet enseignement se d\u00e9compose en cours magistraux et [&hellip;]<\/p>\n","protected":false},"author":1,"featured_media":0,"parent":0,"menu_order":0,"comment_status":"closed","ping_status":"closed","template":"","meta":{"ocean_post_layout":"","ocean_both_sidebars_style":"","ocean_both_sidebars_content_width":0,"ocean_both_sidebars_sidebars_width":0,"ocean_sidebar":"","ocean_second_sidebar":"","ocean_disable_margins":"enable","ocean_add_body_class":"","ocean_shortcode_before_top_bar":"","ocean_shortcode_after_top_bar":"","ocean_shortcode_before_header":"","ocean_shortcode_after_header":"","ocean_has_shortcode":"","ocean_shortcode_after_title":"","ocean_shortcode_before_footer_widgets":"","ocean_shortcode_after_footer_widgets":"","ocean_shortcode_before_footer_bottom":"","ocean_shortcode_after_footer_bottom":"","ocean_display_top_bar":"default","ocean_display_header":"default","ocean_header_style":"","ocean_center_header_left_menu":"","ocean_custom_header_template":"","ocean_custom_logo":0,"ocean_custom_retina_logo":0,"ocean_custom_logo_max_width":0,"ocean_custom_logo_tablet_max_width":0,"ocean_custom_logo_mobile_max_width":0,"ocean_custom_logo_max_height":0,"ocean_custom_logo_tablet_max_height":0,"ocean_custom_logo_mobile_max_height":0,"ocean_header_custom_menu":"","ocean_menu_typo_font_family":"","ocean_menu_typo_font_subset":"","ocean_menu_typo_font_size":0,"ocean_menu_typo_font_size_tablet":0,"ocean_menu_typo_font_size_mobile":0,"ocean_menu_typo_font_size_unit":"px","ocean_menu_typo_font_weight":"","ocean_menu_typo_font_weight_tablet":"","ocean_menu_typo_font_weight_mobile":"","ocean_menu_typo_transform":"","ocean_menu_typo_transform_tablet":"","ocean_menu_typo_transform_mobile":"","ocean_menu_typo_line_height":0,"ocean_menu_typo_line_height_tablet":0,"ocean_menu_typo_line_height_mobile":0,"ocean_menu_typo_line_height_unit":"","ocean_menu_typo_spacing":0,"ocean_menu_typo_spacing_tablet":0,"ocean_menu_typo_spacing_mobile":0,"ocean_menu_typo_spacing_unit":"","ocean_menu_link_color":"","ocean_menu_link_color_hover":"","ocean_menu_link_color_active":"","ocean_menu_link_background":"","ocean_menu_link_hover_background":"","ocean_menu_link_active_background":"","ocean_menu_social_links_bg":"","ocean_menu_social_hover_links_bg":"","ocean_menu_social_links_color":"","ocean_menu_social_hover_links_color":"","ocean_disable_title":"default","ocean_disable_heading":"default","ocean_post_title":"","ocean_post_subheading":"","ocean_post_title_style":"","ocean_post_title_background_color":"","ocean_post_title_background":0,"ocean_post_title_bg_image_position":"","ocean_post_title_bg_image_attachment":"","ocean_post_title_bg_image_repeat":"","ocean_post_title_bg_image_size":"","ocean_post_title_height":0,"ocean_post_title_bg_overlay":0.5,"ocean_post_title_bg_overlay_color":"","ocean_disable_breadcrumbs":"default","ocean_breadcrumbs_color":"","ocean_breadcrumbs_separator_color":"","ocean_breadcrumbs_links_color":"","ocean_breadcrumbs_links_hover_color":"","ocean_display_footer_widgets":"default","ocean_display_footer_bottom":"default","ocean_custom_footer_template":"","footnotes":""},"class_list":["post-91","page","type-page","status-publish","hentry","entry"],"yoast_head":"<!-- This site is optimized with the Yoast SEO plugin v26.9 - https:\/\/yoast.com\/product\/yoast-seo-wordpress\/ -->\n<title>Ecole d&#039;\u00e9t\u00e9 AcadeMYO\u00a0 - Institut de Myologie<\/title>\n<meta name=\"robots\" content=\"index, follow, max-snippet:-1, max-image-preview:large, max-video-preview:-1\" \/>\n<link rel=\"canonical\" href=\"https:\/\/strateg-it.fr\/index.php\/ecole-dete-academyo\/\" \/>\n<meta property=\"og:locale\" content=\"fr_FR\" \/>\n<meta property=\"og:type\" content=\"article\" \/>\n<meta property=\"og:title\" content=\"Ecole d&#039;\u00e9t\u00e9 AcadeMYO\u00a0 - Institut de Myologie\" \/>\n<meta property=\"og:description\" content=\"L\u2019Institut de Myologie organise chaque ann\u00e9e une \u00c9cole d\u2019\u00c9t\u00e9 de Myologie pour permettre \u00e0 des professionnels de sant\u00e9 \u00e9trangers mais aussi fran\u00e7ais, en particulier ceux travaillant dans les DROM-COM (d\u00e9partements et r\u00e9gions d\u2019outre-mer et collectivit\u00e9s d\u2019outre-mer,&nbsp;anciennement DOM-TOM), de suivre un programme condens\u00e9 concernant l\u2019ensemble des pathologies neuromusculaires. Cet enseignement se d\u00e9compose en cours magistraux et [&hellip;]\" \/>\n<meta property=\"og:url\" content=\"https:\/\/strateg-it.fr\/index.php\/ecole-dete-academyo\/\" \/>\n<meta property=\"og:site_name\" content=\"Institut de Myologie\" \/>\n<meta name=\"twitter:card\" content=\"summary_large_image\" \/>\n<meta name=\"twitter:label1\" content=\"Dur\u00e9e de lecture estim\u00e9e\" \/>\n\t<meta name=\"twitter:data1\" content=\"1 minute\" \/>\n<script type=\"application\/ld+json\" class=\"yoast-schema-graph\">{\"@context\":\"https:\/\/schema.org\",\"@graph\":[{\"@type\":\"WebPage\",\"@id\":\"https:\/\/strateg-it.fr\/index.php\/ecole-dete-academyo\/\",\"url\":\"https:\/\/strateg-it.fr\/index.php\/ecole-dete-academyo\/\",\"name\":\"Ecole d'\u00e9t\u00e9 AcadeMYO\u00a0 - Institut de Myologie\",\"isPartOf\":{\"@id\":\"https:\/\/strateg-it.fr\/#website\"},\"datePublished\":\"2025-03-05T08:45:22+00:00\",\"breadcrumb\":{\"@id\":\"https:\/\/strateg-it.fr\/index.php\/ecole-dete-academyo\/#breadcrumb\"},\"inLanguage\":\"fr-FR\",\"potentialAction\":[{\"@type\":\"ReadAction\",\"target\":[\"https:\/\/strateg-it.fr\/index.php\/ecole-dete-academyo\/\"]}]},{\"@type\":\"BreadcrumbList\",\"@id\":\"https:\/\/strateg-it.fr\/index.php\/ecole-dete-academyo\/#breadcrumb\",\"itemListElement\":[{\"@type\":\"ListItem\",\"position\":1,\"name\":\"Accueil\",\"item\":\"https:\/\/strateg-it.fr\/\"},{\"@type\":\"ListItem\",\"position\":2,\"name\":\"Ecole d&rsquo;\u00e9t\u00e9 AcadeMYO\u00a0\"}]},{\"@type\":\"WebSite\",\"@id\":\"https:\/\/strateg-it.fr\/#website\",\"url\":\"https:\/\/strateg-it.fr\/\",\"name\":\"Institut de Myologie\",\"description\":\"\",\"publisher\":{\"@id\":\"https:\/\/strateg-it.fr\/#organization\"},\"potentialAction\":[{\"@type\":\"SearchAction\",\"target\":{\"@type\":\"EntryPoint\",\"urlTemplate\":\"https:\/\/strateg-it.fr\/?s={search_term_string}\"},\"query-input\":{\"@type\":\"PropertyValueSpecification\",\"valueRequired\":true,\"valueName\":\"search_term_string\"}}],\"inLanguage\":\"fr-FR\"},{\"@type\":\"Organization\",\"@id\":\"https:\/\/strateg-it.fr\/#organization\",\"name\":\"Institut de Myologie\",\"url\":\"https:\/\/strateg-it.fr\/\",\"logo\":{\"@type\":\"ImageObject\",\"inLanguage\":\"fr-FR\",\"@id\":\"https:\/\/strateg-it.fr\/#\/schema\/logo\/image\/\",\"url\":\"https:\/\/strateg-it.fr\/wp-content\/uploads\/2025\/03\/cropped-cropped-logoAIM-3.png\",\"contentUrl\":\"https:\/\/strateg-it.fr\/wp-content\/uploads\/2025\/03\/cropped-cropped-logoAIM-3.png\",\"width\":164,\"height\":45,\"caption\":\"Institut de Myologie\"},\"image\":{\"@id\":\"https:\/\/strateg-it.fr\/#\/schema\/logo\/image\/\"}}]}<\/script>\n<!-- \/ Yoast SEO plugin. -->","yoast_head_json":{"title":"Ecole d'\u00e9t\u00e9 AcadeMYO\u00a0 - Institut de Myologie","robots":{"index":"index","follow":"follow","max-snippet":"max-snippet:-1","max-image-preview":"max-image-preview:large","max-video-preview":"max-video-preview:-1"},"canonical":"https:\/\/strateg-it.fr\/index.php\/ecole-dete-academyo\/","og_locale":"fr_FR","og_type":"article","og_title":"Ecole d'\u00e9t\u00e9 AcadeMYO\u00a0 - Institut de Myologie","og_description":"L\u2019Institut de Myologie organise chaque ann\u00e9e une \u00c9cole d\u2019\u00c9t\u00e9 de Myologie pour permettre \u00e0 des professionnels de sant\u00e9 \u00e9trangers mais aussi fran\u00e7ais, en particulier ceux travaillant dans les DROM-COM (d\u00e9partements et r\u00e9gions d\u2019outre-mer et collectivit\u00e9s d\u2019outre-mer,&nbsp;anciennement DOM-TOM), de suivre un programme condens\u00e9 concernant l\u2019ensemble des pathologies neuromusculaires. Cet enseignement se d\u00e9compose en cours magistraux et [&hellip;]","og_url":"https:\/\/strateg-it.fr\/index.php\/ecole-dete-academyo\/","og_site_name":"Institut de Myologie","twitter_card":"summary_large_image","twitter_misc":{"Dur\u00e9e de lecture estim\u00e9e":"1 minute"},"schema":{"@context":"https:\/\/schema.org","@graph":[{"@type":"WebPage","@id":"https:\/\/strateg-it.fr\/index.php\/ecole-dete-academyo\/","url":"https:\/\/strateg-it.fr\/index.php\/ecole-dete-academyo\/","name":"Ecole d'\u00e9t\u00e9 AcadeMYO\u00a0 - Institut de Myologie","isPartOf":{"@id":"https:\/\/strateg-it.fr\/#website"},"datePublished":"2025-03-05T08:45:22+00:00","breadcrumb":{"@id":"https:\/\/strateg-it.fr\/index.php\/ecole-dete-academyo\/#breadcrumb"},"inLanguage":"fr-FR","potentialAction":[{"@type":"ReadAction","target":["https:\/\/strateg-it.fr\/index.php\/ecole-dete-academyo\/"]}]},{"@type":"BreadcrumbList","@id":"https:\/\/strateg-it.fr\/index.php\/ecole-dete-academyo\/#breadcrumb","itemListElement":[{"@type":"ListItem","position":1,"name":"Accueil","item":"https:\/\/strateg-it.fr\/"},{"@type":"ListItem","position":2,"name":"Ecole d&rsquo;\u00e9t\u00e9 AcadeMYO\u00a0"}]},{"@type":"WebSite","@id":"https:\/\/strateg-it.fr\/#website","url":"https:\/\/strateg-it.fr\/","name":"Institut de Myologie","description":"","publisher":{"@id":"https:\/\/strateg-it.fr\/#organization"},"potentialAction":[{"@type":"SearchAction","target":{"@type":"EntryPoint","urlTemplate":"https:\/\/strateg-it.fr\/?s={search_term_string}"},"query-input":{"@type":"PropertyValueSpecification","valueRequired":true,"valueName":"search_term_string"}}],"inLanguage":"fr-FR"},{"@type":"Organization","@id":"https:\/\/strateg-it.fr\/#organization","name":"Institut de Myologie","url":"https:\/\/strateg-it.fr\/","logo":{"@type":"ImageObject","inLanguage":"fr-FR","@id":"https:\/\/strateg-it.fr\/#\/schema\/logo\/image\/","url":"https:\/\/strateg-it.fr\/wp-content\/uploads\/2025\/03\/cropped-cropped-logoAIM-3.png","contentUrl":"https:\/\/strateg-it.fr\/wp-content\/uploads\/2025\/03\/cropped-cropped-logoAIM-3.png","width":164,"height":45,"caption":"Institut de Myologie"},"image":{"@id":"https:\/\/strateg-it.fr\/#\/schema\/logo\/image\/"}}]}},"_links":{"self":[{"href":"https:\/\/strateg-it.fr\/index.php\/wp-json\/wp\/v2\/pages\/91","targetHints":{"allow":["GET"]}}],"collection":[{"href":"https:\/\/strateg-it.fr\/index.php\/wp-json\/wp\/v2\/pages"}],"about":[{"href":"https:\/\/strateg-it.fr\/index.php\/wp-json\/wp\/v2\/types\/page"}],"author":[{"embeddable":true,"href":"https:\/\/strateg-it.fr\/index.php\/wp-json\/wp\/v2\/users\/1"}],"replies":[{"embeddable":true,"href":"https:\/\/strateg-it.fr\/index.php\/wp-json\/wp\/v2\/comments?post=91"}],"version-history":[{"count":1,"href":"https:\/\/strateg-it.fr\/index.php\/wp-json\/wp\/v2\/pages\/91\/revisions"}],"predecessor-version":[{"id":92,"href":"https:\/\/strateg-it.fr\/index.php\/wp-json\/wp\/v2\/pages\/91\/revisions\/92"}],"wp:attachment":[{"href":"https:\/\/strateg-it.fr\/index.php\/wp-json\/wp\/v2\/media?parent=91"}],"curies":[{"name":"wp","href":"https:\/\/api.w.org\/{rel}","templated":true}]}}