{"id":80,"date":"2025-03-05T09:41:04","date_gmt":"2025-03-05T08:41:04","guid":{"rendered":"https:\/\/strateg-it.fr\/?page_id=80"},"modified":"2025-03-05T09:41:04","modified_gmt":"2025-03-05T08:41:04","slug":"enseignement","status":"publish","type":"page","link":"https:\/\/strateg-it.fr\/index.php\/enseignement\/","title":{"rendered":"Enseignement"},"content":{"rendered":"<div class=\"wp-block-image\">\n<figure class=\"aligncenter size-full\"><img loading=\"lazy\" decoding=\"async\" width=\"669\" height=\"200\" src=\"https:\/\/strateg-it.fr\/wp-content\/uploads\/2025\/03\/Banniere-enseignement-Institut-de-Myologie-2019-2-669x200-1.jpg\" alt=\"\" class=\"wp-image-81\" srcset=\"https:\/\/strateg-it.fr\/wp-content\/uploads\/2025\/03\/Banniere-enseignement-Institut-de-Myologie-2019-2-669x200-1.jpg 669w, https:\/\/strateg-it.fr\/wp-content\/uploads\/2025\/03\/Banniere-enseignement-Institut-de-Myologie-2019-2-669x200-1-300x90.jpg 300w\" sizes=\"auto, (max-width: 669px) 100vw, 669px\" \/><\/figure>\n<\/div>\n\n\n<p>Il s\u2019agit d\u2019une activit\u00e9 d\u2019information, de formation et d\u2019enseignement destin\u00e9e \u00e0 tous les publics concern\u00e9s par la myologie.<\/p>\n\n\n\n<p>L\u2019objectif est de favoriser la diffusion des connaissances sur le muscle et ses maladies et contribuer, ainsi \u00e0 ce que la myologie trouve une v\u00e9ritable identit\u00e9 dans le champ m\u00e9dical et scientifique.<\/p>\n\n\n\n<p>Chaque ann\u00e9e, l\u2019Institut organise l\u2019\u00e9cole d\u2019\u00e9t\u00e9 de myologie qui permet \u00e0 ses partenaires \u00e9trangers ou des DROM-COM (d\u00e9partements et r\u00e9gions d\u2019outre-mer et collectivit\u00e9s d\u2019outre-mer, anciennement DOM-TOM) de suivre un enseignement de Myologie comparable \u00e0 celui propos\u00e9 au cours du DIU de Myologie.<\/p>\n\n\n\n<p>Des&nbsp;formations dipl\u00f4mantes sont \u00e9galement dispens\u00e9es chaque ann\u00e9e, au cours de l\u2019ann\u00e9e universitaire.<\/p>\n\n\n\n<ul class=\"wp-block-list\">\n<li><a href=\"https:\/\/www.institut-myologie.org\/enseignement\/ecole-dete-de-myologie-dr-jon-andoni-urtizberea\/\">\u00c9cole d\u2019\u00e9t\u00e9 de Myologie<\/a><\/li>\n\n\n\n<li><a href=\"https:\/\/www.institut-myologie.org\/enseignement\/ecole-doctorale-complexite-du-vivant\/\">Ecole doctorale Complexit\u00e9 du vivant<\/a><\/li>\n\n\n\n<li><a href=\"https:\/\/www.institut-myologie.org\/enseignement\/fhu-mammuth-maladies-musculo-squelettiques-et-innovations-therapeutiques\/\" target=\"_blank\" rel=\"noreferrer noopener\">FHU MAMUTH<\/a><\/li>\n\n\n\n<li><a href=\"https:\/\/www.institut-myologie.org\/enseignement\/diu-de-myologie\/\" target=\"_blank\" rel=\"noreferrer noopener\">DIU de Myologie<\/a><\/li>\n\n\n\n<li><a href=\"https:\/\/www.institut-myologie.org\/enseignement\/diu-maladies-genetiques-approche-transdisciplinaire\/\">DIU Maladies g\u00e9n\u00e9tiques : approche transdisciplinaire<\/a><\/li>\n\n\n\n<li><a href=\"https:\/\/www.institut-myologie.org\/enseignement\/autres-diu\/\">Autres DIU<\/a><\/li>\n<\/ul>\n\n\n\n<p>Par ailleurs, vous pouvez retrouver sur notre rubrique Agenda, une s\u00e9lection&nbsp;de&nbsp;<a href=\"https:\/\/www.institut-myologie.org\/actualites\/agenda\/colloques\/\" target=\"_blank\" rel=\"noreferrer noopener\">colloques<\/a>&nbsp;m\u00e9dico-scientifiques.<\/p>\n","protected":false},"excerpt":{"rendered":"<p>Il s\u2019agit d\u2019une activit\u00e9 d\u2019information, de formation et d\u2019enseignement destin\u00e9e \u00e0 tous les publics concern\u00e9s par la myologie. L\u2019objectif est de favoriser la diffusion des connaissances sur le muscle et ses maladies et contribuer, ainsi \u00e0 ce que la myologie trouve une v\u00e9ritable identit\u00e9 dans le champ m\u00e9dical et scientifique. Chaque ann\u00e9e, l\u2019Institut organise l\u2019\u00e9cole [&hellip;]<\/p>\n","protected":false},"author":1,"featured_media":0,"parent":0,"menu_order":0,"comment_status":"closed","ping_status":"closed","template":"","meta":{"ocean_post_layout":"","ocean_both_sidebars_style":"","ocean_both_sidebars_content_width":0,"ocean_both_sidebars_sidebars_width":0,"ocean_sidebar":"","ocean_second_sidebar":"","ocean_disable_margins":"enable","ocean_add_body_class":"","ocean_shortcode_before_top_bar":"","ocean_shortcode_after_top_bar":"","ocean_shortcode_before_header":"","ocean_shortcode_after_header":"","ocean_has_shortcode":"","ocean_shortcode_after_title":"","ocean_shortcode_before_footer_widgets":"","ocean_shortcode_after_footer_widgets":"","ocean_shortcode_before_footer_bottom":"","ocean_shortcode_after_footer_bottom":"","ocean_display_top_bar":"default","ocean_display_header":"default","ocean_header_style":"","ocean_center_header_left_menu":"","ocean_custom_header_template":"","ocean_custom_logo":0,"ocean_custom_retina_logo":0,"ocean_custom_logo_max_width":0,"ocean_custom_logo_tablet_max_width":0,"ocean_custom_logo_mobile_max_width":0,"ocean_custom_logo_max_height":0,"ocean_custom_logo_tablet_max_height":0,"ocean_custom_logo_mobile_max_height":0,"ocean_header_custom_menu":"","ocean_menu_typo_font_family":"","ocean_menu_typo_font_subset":"","ocean_menu_typo_font_size":0,"ocean_menu_typo_font_size_tablet":0,"ocean_menu_typo_font_size_mobile":0,"ocean_menu_typo_font_size_unit":"px","ocean_menu_typo_font_weight":"","ocean_menu_typo_font_weight_tablet":"","ocean_menu_typo_font_weight_mobile":"","ocean_menu_typo_transform":"","ocean_menu_typo_transform_tablet":"","ocean_menu_typo_transform_mobile":"","ocean_menu_typo_line_height":0,"ocean_menu_typo_line_height_tablet":0,"ocean_menu_typo_line_height_mobile":0,"ocean_menu_typo_line_height_unit":"","ocean_menu_typo_spacing":0,"ocean_menu_typo_spacing_tablet":0,"ocean_menu_typo_spacing_mobile":0,"ocean_menu_typo_spacing_unit":"","ocean_menu_link_color":"","ocean_menu_link_color_hover":"","ocean_menu_link_color_active":"","ocean_menu_link_background":"","ocean_menu_link_hover_background":"","ocean_menu_link_active_background":"","ocean_menu_social_links_bg":"","ocean_menu_social_hover_links_bg":"","ocean_menu_social_links_color":"","ocean_menu_social_hover_links_color":"","ocean_disable_title":"default","ocean_disable_heading":"default","ocean_post_title":"","ocean_post_subheading":"","ocean_post_title_style":"","ocean_post_title_background_color":"","ocean_post_title_background":0,"ocean_post_title_bg_image_position":"","ocean_post_title_bg_image_attachment":"","ocean_post_title_bg_image_repeat":"","ocean_post_title_bg_image_size":"","ocean_post_title_height":0,"ocean_post_title_bg_overlay":0.5,"ocean_post_title_bg_overlay_color":"","ocean_disable_breadcrumbs":"default","ocean_breadcrumbs_color":"","ocean_breadcrumbs_separator_color":"","ocean_breadcrumbs_links_color":"","ocean_breadcrumbs_links_hover_color":"","ocean_display_footer_widgets":"default","ocean_display_footer_bottom":"default","ocean_custom_footer_template":"","footnotes":""},"class_list":["post-80","page","type-page","status-publish","hentry","entry"],"yoast_head":"<!-- This site is optimized with the Yoast SEO plugin v26.9 - https:\/\/yoast.com\/product\/yoast-seo-wordpress\/ -->\n<title>Enseignement - Institut de Myologie<\/title>\n<meta name=\"robots\" content=\"index, follow, max-snippet:-1, max-image-preview:large, max-video-preview:-1\" \/>\n<link rel=\"canonical\" href=\"https:\/\/strateg-it.fr\/index.php\/enseignement\/\" \/>\n<meta property=\"og:locale\" content=\"fr_FR\" \/>\n<meta property=\"og:type\" content=\"article\" \/>\n<meta property=\"og:title\" content=\"Enseignement - Institut de Myologie\" \/>\n<meta property=\"og:description\" content=\"Il s\u2019agit d\u2019une activit\u00e9 d\u2019information, de formation et d\u2019enseignement destin\u00e9e \u00e0 tous les publics concern\u00e9s par la myologie. L\u2019objectif est de favoriser la diffusion des connaissances sur le muscle et ses maladies et contribuer, ainsi \u00e0 ce que la myologie trouve une v\u00e9ritable identit\u00e9 dans le champ m\u00e9dical et scientifique. Chaque ann\u00e9e, l\u2019Institut organise l\u2019\u00e9cole [&hellip;]\" \/>\n<meta property=\"og:url\" content=\"https:\/\/strateg-it.fr\/index.php\/enseignement\/\" \/>\n<meta property=\"og:site_name\" content=\"Institut de Myologie\" \/>\n<meta property=\"og:image\" content=\"https:\/\/strateg-it.fr\/wp-content\/uploads\/2025\/03\/Banniere-enseignement-Institut-de-Myologie-2019-2-669x200-1.jpg\" \/>\n<meta name=\"twitter:card\" content=\"summary_large_image\" \/>\n<meta name=\"twitter:label1\" content=\"Dur\u00e9e de lecture estim\u00e9e\" \/>\n\t<meta name=\"twitter:data1\" content=\"1 minute\" \/>\n<script type=\"application\/ld+json\" class=\"yoast-schema-graph\">{\"@context\":\"https:\/\/schema.org\",\"@graph\":[{\"@type\":\"WebPage\",\"@id\":\"https:\/\/strateg-it.fr\/index.php\/enseignement\/\",\"url\":\"https:\/\/strateg-it.fr\/index.php\/enseignement\/\",\"name\":\"Enseignement - Institut de Myologie\",\"isPartOf\":{\"@id\":\"https:\/\/strateg-it.fr\/#website\"},\"primaryImageOfPage\":{\"@id\":\"https:\/\/strateg-it.fr\/index.php\/enseignement\/#primaryimage\"},\"image\":{\"@id\":\"https:\/\/strateg-it.fr\/index.php\/enseignement\/#primaryimage\"},\"thumbnailUrl\":\"https:\/\/strateg-it.fr\/wp-content\/uploads\/2025\/03\/Banniere-enseignement-Institut-de-Myologie-2019-2-669x200-1.jpg\",\"datePublished\":\"2025-03-05T08:41:04+00:00\",\"breadcrumb\":{\"@id\":\"https:\/\/strateg-it.fr\/index.php\/enseignement\/#breadcrumb\"},\"inLanguage\":\"fr-FR\",\"potentialAction\":[{\"@type\":\"ReadAction\",\"target\":[\"https:\/\/strateg-it.fr\/index.php\/enseignement\/\"]}]},{\"@type\":\"ImageObject\",\"inLanguage\":\"fr-FR\",\"@id\":\"https:\/\/strateg-it.fr\/index.php\/enseignement\/#primaryimage\",\"url\":\"https:\/\/strateg-it.fr\/wp-content\/uploads\/2025\/03\/Banniere-enseignement-Institut-de-Myologie-2019-2-669x200-1.jpg\",\"contentUrl\":\"https:\/\/strateg-it.fr\/wp-content\/uploads\/2025\/03\/Banniere-enseignement-Institut-de-Myologie-2019-2-669x200-1.jpg\",\"width\":669,\"height\":200},{\"@type\":\"BreadcrumbList\",\"@id\":\"https:\/\/strateg-it.fr\/index.php\/enseignement\/#breadcrumb\",\"itemListElement\":[{\"@type\":\"ListItem\",\"position\":1,\"name\":\"Accueil\",\"item\":\"https:\/\/strateg-it.fr\/\"},{\"@type\":\"ListItem\",\"position\":2,\"name\":\"Enseignement\"}]},{\"@type\":\"WebSite\",\"@id\":\"https:\/\/strateg-it.fr\/#website\",\"url\":\"https:\/\/strateg-it.fr\/\",\"name\":\"Institut de Myologie\",\"description\":\"\",\"publisher\":{\"@id\":\"https:\/\/strateg-it.fr\/#organization\"},\"potentialAction\":[{\"@type\":\"SearchAction\",\"target\":{\"@type\":\"EntryPoint\",\"urlTemplate\":\"https:\/\/strateg-it.fr\/?s={search_term_string}\"},\"query-input\":{\"@type\":\"PropertyValueSpecification\",\"valueRequired\":true,\"valueName\":\"search_term_string\"}}],\"inLanguage\":\"fr-FR\"},{\"@type\":\"Organization\",\"@id\":\"https:\/\/strateg-it.fr\/#organization\",\"name\":\"Institut de Myologie\",\"url\":\"https:\/\/strateg-it.fr\/\",\"logo\":{\"@type\":\"ImageObject\",\"inLanguage\":\"fr-FR\",\"@id\":\"https:\/\/strateg-it.fr\/#\/schema\/logo\/image\/\",\"url\":\"https:\/\/strateg-it.fr\/wp-content\/uploads\/2025\/03\/cropped-cropped-logoAIM-3.png\",\"contentUrl\":\"https:\/\/strateg-it.fr\/wp-content\/uploads\/2025\/03\/cropped-cropped-logoAIM-3.png\",\"width\":164,\"height\":45,\"caption\":\"Institut de Myologie\"},\"image\":{\"@id\":\"https:\/\/strateg-it.fr\/#\/schema\/logo\/image\/\"}}]}<\/script>\n<!-- \/ Yoast SEO plugin. -->","yoast_head_json":{"title":"Enseignement - Institut de Myologie","robots":{"index":"index","follow":"follow","max-snippet":"max-snippet:-1","max-image-preview":"max-image-preview:large","max-video-preview":"max-video-preview:-1"},"canonical":"https:\/\/strateg-it.fr\/index.php\/enseignement\/","og_locale":"fr_FR","og_type":"article","og_title":"Enseignement - Institut de Myologie","og_description":"Il s\u2019agit d\u2019une activit\u00e9 d\u2019information, de formation et d\u2019enseignement destin\u00e9e \u00e0 tous les publics concern\u00e9s par la myologie. L\u2019objectif est de favoriser la diffusion des connaissances sur le muscle et ses maladies et contribuer, ainsi \u00e0 ce que la myologie trouve une v\u00e9ritable identit\u00e9 dans le champ m\u00e9dical et scientifique. Chaque ann\u00e9e, l\u2019Institut organise l\u2019\u00e9cole [&hellip;]","og_url":"https:\/\/strateg-it.fr\/index.php\/enseignement\/","og_site_name":"Institut de Myologie","og_image":[{"url":"https:\/\/strateg-it.fr\/wp-content\/uploads\/2025\/03\/Banniere-enseignement-Institut-de-Myologie-2019-2-669x200-1.jpg","type":"","width":"","height":""}],"twitter_card":"summary_large_image","twitter_misc":{"Dur\u00e9e de lecture estim\u00e9e":"1 minute"},"schema":{"@context":"https:\/\/schema.org","@graph":[{"@type":"WebPage","@id":"https:\/\/strateg-it.fr\/index.php\/enseignement\/","url":"https:\/\/strateg-it.fr\/index.php\/enseignement\/","name":"Enseignement - Institut de Myologie","isPartOf":{"@id":"https:\/\/strateg-it.fr\/#website"},"primaryImageOfPage":{"@id":"https:\/\/strateg-it.fr\/index.php\/enseignement\/#primaryimage"},"image":{"@id":"https:\/\/strateg-it.fr\/index.php\/enseignement\/#primaryimage"},"thumbnailUrl":"https:\/\/strateg-it.fr\/wp-content\/uploads\/2025\/03\/Banniere-enseignement-Institut-de-Myologie-2019-2-669x200-1.jpg","datePublished":"2025-03-05T08:41:04+00:00","breadcrumb":{"@id":"https:\/\/strateg-it.fr\/index.php\/enseignement\/#breadcrumb"},"inLanguage":"fr-FR","potentialAction":[{"@type":"ReadAction","target":["https:\/\/strateg-it.fr\/index.php\/enseignement\/"]}]},{"@type":"ImageObject","inLanguage":"fr-FR","@id":"https:\/\/strateg-it.fr\/index.php\/enseignement\/#primaryimage","url":"https:\/\/strateg-it.fr\/wp-content\/uploads\/2025\/03\/Banniere-enseignement-Institut-de-Myologie-2019-2-669x200-1.jpg","contentUrl":"https:\/\/strateg-it.fr\/wp-content\/uploads\/2025\/03\/Banniere-enseignement-Institut-de-Myologie-2019-2-669x200-1.jpg","width":669,"height":200},{"@type":"BreadcrumbList","@id":"https:\/\/strateg-it.fr\/index.php\/enseignement\/#breadcrumb","itemListElement":[{"@type":"ListItem","position":1,"name":"Accueil","item":"https:\/\/strateg-it.fr\/"},{"@type":"ListItem","position":2,"name":"Enseignement"}]},{"@type":"WebSite","@id":"https:\/\/strateg-it.fr\/#website","url":"https:\/\/strateg-it.fr\/","name":"Institut de Myologie","description":"","publisher":{"@id":"https:\/\/strateg-it.fr\/#organization"},"potentialAction":[{"@type":"SearchAction","target":{"@type":"EntryPoint","urlTemplate":"https:\/\/strateg-it.fr\/?s={search_term_string}"},"query-input":{"@type":"PropertyValueSpecification","valueRequired":true,"valueName":"search_term_string"}}],"inLanguage":"fr-FR"},{"@type":"Organization","@id":"https:\/\/strateg-it.fr\/#organization","name":"Institut de Myologie","url":"https:\/\/strateg-it.fr\/","logo":{"@type":"ImageObject","inLanguage":"fr-FR","@id":"https:\/\/strateg-it.fr\/#\/schema\/logo\/image\/","url":"https:\/\/strateg-it.fr\/wp-content\/uploads\/2025\/03\/cropped-cropped-logoAIM-3.png","contentUrl":"https:\/\/strateg-it.fr\/wp-content\/uploads\/2025\/03\/cropped-cropped-logoAIM-3.png","width":164,"height":45,"caption":"Institut de Myologie"},"image":{"@id":"https:\/\/strateg-it.fr\/#\/schema\/logo\/image\/"}}]}},"_links":{"self":[{"href":"https:\/\/strateg-it.fr\/index.php\/wp-json\/wp\/v2\/pages\/80","targetHints":{"allow":["GET"]}}],"collection":[{"href":"https:\/\/strateg-it.fr\/index.php\/wp-json\/wp\/v2\/pages"}],"about":[{"href":"https:\/\/strateg-it.fr\/index.php\/wp-json\/wp\/v2\/types\/page"}],"author":[{"embeddable":true,"href":"https:\/\/strateg-it.fr\/index.php\/wp-json\/wp\/v2\/users\/1"}],"replies":[{"embeddable":true,"href":"https:\/\/strateg-it.fr\/index.php\/wp-json\/wp\/v2\/comments?post=80"}],"version-history":[{"count":1,"href":"https:\/\/strateg-it.fr\/index.php\/wp-json\/wp\/v2\/pages\/80\/revisions"}],"predecessor-version":[{"id":82,"href":"https:\/\/strateg-it.fr\/index.php\/wp-json\/wp\/v2\/pages\/80\/revisions\/82"}],"wp:attachment":[{"href":"https:\/\/strateg-it.fr\/index.php\/wp-json\/wp\/v2\/media?parent=80"}],"curies":[{"name":"wp","href":"https:\/\/api.w.org\/{rel}","templated":true}]}}