{"id":60,"date":"2025-03-05T09:37:03","date_gmt":"2025-03-05T08:37:03","guid":{"rendered":"https:\/\/strateg-it.fr\/?page_id=60"},"modified":"2025-03-05T12:22:00","modified_gmt":"2025-03-05T11:22:00","slug":"centre-de-recherche-en-myologie","status":"publish","type":"page","link":"https:\/\/strateg-it.fr\/index.php\/centre-de-recherche-en-myologie\/","title":{"rendered":"Centre de Recherche en Myologie"},"content":{"rendered":"<div class=\"wp-block-image\">\n<figure class=\"aligncenter size-full\"><img loading=\"lazy\" decoding=\"async\" width=\"669\" height=\"200\" src=\"https:\/\/strateg-it.fr\/wp-content\/uploads\/2025\/03\/CRM-2-Institut-de-Myologie-2019-669x200-1.jpg\" alt=\"\" class=\"wp-image-75\" srcset=\"https:\/\/strateg-it.fr\/wp-content\/uploads\/2025\/03\/CRM-2-Institut-de-Myologie-2019-669x200-1.jpg 669w, https:\/\/strateg-it.fr\/wp-content\/uploads\/2025\/03\/CRM-2-Institut-de-Myologie-2019-669x200-1-300x90.jpg 300w\" sizes=\"auto, (max-width: 669px) 100vw, 669px\" \/><\/figure>\n<\/div>\n\n\n<p>Cr\u00e9\u00e9 le 1er janvier 2014, le Centre de Recherche en Myologie, dirig\u00e9 par&nbsp;<strong>Denis Furling, PhD<\/strong>, est un p\u00f4le d\u2019excellence de recherche d\u00e9di\u00e9 \u00e0 la compr\u00e9hension des m\u00e9canismes de base des muscles dans leur environnement (cellulaire comme les neurones et les cellules inflammatoires ou au niveau du corps entier, y compris d\u2019autres organes cibl\u00e9s par des maladies musculaires comme le c\u0153ur) et \u00e0 la traduction de ces d\u00e9couvertes en de nouveaux concepts pour am\u00e9liorer les soins aux patients atteints de maladies musculaires.<\/p>\n\n\n\n<p>Il r\u00e9unit, au sein de l\u2019Institut de Myologie, plus de 100 chercheurs, m\u00e9decins, ing\u00e9nieurs, techniciens, post-doctorants et doctorants de l\u2019INSERM, de Sorbonne Universit\u00e9, du CNRS et de l\u2019AIM.<\/p>\n\n\n<div class=\"wp-block-image\">\n<figure class=\"alignleft size-large is-resized\"><a href=\"https:\/\/strateg-it.fr\/index.php\/equipe-1-genetique-et-physiopathologie-des-mnm-liees-a-la-matrice-extracellulaire-et-au-noyau\/\"><img loading=\"lazy\" decoding=\"async\" width=\"1024\" height=\"1024\" src=\"https:\/\/strateg-it.fr\/wp-content\/uploads\/2025\/03\/Equipe-1-1-1024x1024.png\" alt=\"\" class=\"wp-image-61\" style=\"width:256px;height:auto\" srcset=\"https:\/\/strateg-it.fr\/wp-content\/uploads\/2025\/03\/Equipe-1-1-1024x1024.png 1024w, https:\/\/strateg-it.fr\/wp-content\/uploads\/2025\/03\/Equipe-1-1-300x300.png 300w, https:\/\/strateg-it.fr\/wp-content\/uploads\/2025\/03\/Equipe-1-1-150x150.png 150w, https:\/\/strateg-it.fr\/wp-content\/uploads\/2025\/03\/Equipe-1-1-768x768.png 768w, https:\/\/strateg-it.fr\/wp-content\/uploads\/2025\/03\/Equipe-1-1-600x600.png 600w, https:\/\/strateg-it.fr\/wp-content\/uploads\/2025\/03\/Equipe-1-1.png 1080w\" sizes=\"auto, (max-width: 1024px) 100vw, 1024px\" \/><\/a><\/figure>\n<\/div>\n\n<div class=\"wp-block-image\">\n<figure class=\"alignleft size-large is-resized\"><img loading=\"lazy\" decoding=\"async\" width=\"1024\" height=\"1024\" src=\"https:\/\/strateg-it.fr\/wp-content\/uploads\/2025\/03\/Equipe-1-2-1-1024x1024.png\" alt=\"\" class=\"wp-image-63\" style=\"width:257px;height:auto\" srcset=\"https:\/\/strateg-it.fr\/wp-content\/uploads\/2025\/03\/Equipe-1-2-1-1024x1024.png 1024w, https:\/\/strateg-it.fr\/wp-content\/uploads\/2025\/03\/Equipe-1-2-1-300x300.png 300w, https:\/\/strateg-it.fr\/wp-content\/uploads\/2025\/03\/Equipe-1-2-1-150x150.png 150w, https:\/\/strateg-it.fr\/wp-content\/uploads\/2025\/03\/Equipe-1-2-1-768x768.png 768w, https:\/\/strateg-it.fr\/wp-content\/uploads\/2025\/03\/Equipe-1-2-1-600x600.png 600w, https:\/\/strateg-it.fr\/wp-content\/uploads\/2025\/03\/Equipe-1-2-1.png 1080w\" sizes=\"auto, (max-width: 1024px) 100vw, 1024px\" \/><\/figure>\n<\/div>\n\n<div class=\"wp-block-image\">\n<figure class=\"alignleft size-large is-resized\"><img loading=\"lazy\" decoding=\"async\" width=\"1024\" height=\"1024\" src=\"https:\/\/strateg-it.fr\/wp-content\/uploads\/2025\/03\/Equipe-1-3-1024x1024.png\" alt=\"\" class=\"wp-image-64\" style=\"width:262px;height:auto\" srcset=\"https:\/\/strateg-it.fr\/wp-content\/uploads\/2025\/03\/Equipe-1-3-1024x1024.png 1024w, https:\/\/strateg-it.fr\/wp-content\/uploads\/2025\/03\/Equipe-1-3-300x300.png 300w, https:\/\/strateg-it.fr\/wp-content\/uploads\/2025\/03\/Equipe-1-3-150x150.png 150w, https:\/\/strateg-it.fr\/wp-content\/uploads\/2025\/03\/Equipe-1-3-768x768.png 768w, https:\/\/strateg-it.fr\/wp-content\/uploads\/2025\/03\/Equipe-1-3-600x600.png 600w, https:\/\/strateg-it.fr\/wp-content\/uploads\/2025\/03\/Equipe-1-3.png 1080w\" sizes=\"auto, (max-width: 1024px) 100vw, 1024px\" \/><\/figure>\n<\/div>\n\n<div class=\"wp-block-image\">\n<figure class=\"alignleft size-large is-resized\"><img loading=\"lazy\" decoding=\"async\" width=\"1024\" height=\"1024\" src=\"https:\/\/strateg-it.fr\/wp-content\/uploads\/2025\/03\/Equipe-1-4-1024x1024.png\" alt=\"\" class=\"wp-image-65\" style=\"width:263px;height:auto\" srcset=\"https:\/\/strateg-it.fr\/wp-content\/uploads\/2025\/03\/Equipe-1-4-1024x1024.png 1024w, https:\/\/strateg-it.fr\/wp-content\/uploads\/2025\/03\/Equipe-1-4-300x300.png 300w, https:\/\/strateg-it.fr\/wp-content\/uploads\/2025\/03\/Equipe-1-4-150x150.png 150w, https:\/\/strateg-it.fr\/wp-content\/uploads\/2025\/03\/Equipe-1-4-768x768.png 768w, https:\/\/strateg-it.fr\/wp-content\/uploads\/2025\/03\/Equipe-1-4-600x600.png 600w, https:\/\/strateg-it.fr\/wp-content\/uploads\/2025\/03\/Equipe-1-4.png 1080w\" sizes=\"auto, (max-width: 1024px) 100vw, 1024px\" \/><\/figure>\n<\/div>\n\n<div class=\"wp-block-image\">\n<figure class=\"alignleft size-large is-resized\"><img loading=\"lazy\" decoding=\"async\" width=\"1024\" height=\"1024\" src=\"https:\/\/strateg-it.fr\/wp-content\/uploads\/2025\/03\/Equipe-1-5-1024x1024.png\" alt=\"\" class=\"wp-image-67\" style=\"width:259px;height:auto\" srcset=\"https:\/\/strateg-it.fr\/wp-content\/uploads\/2025\/03\/Equipe-1-5-1024x1024.png 1024w, https:\/\/strateg-it.fr\/wp-content\/uploads\/2025\/03\/Equipe-1-5-300x300.png 300w, https:\/\/strateg-it.fr\/wp-content\/uploads\/2025\/03\/Equipe-1-5-150x150.png 150w, https:\/\/strateg-it.fr\/wp-content\/uploads\/2025\/03\/Equipe-1-5-768x768.png 768w, https:\/\/strateg-it.fr\/wp-content\/uploads\/2025\/03\/Equipe-1-5-600x600.png 600w, https:\/\/strateg-it.fr\/wp-content\/uploads\/2025\/03\/Equipe-1-5.png 1080w\" sizes=\"auto, (max-width: 1024px) 100vw, 1024px\" \/><\/figure>\n<\/div>\n\n\n<p><\/p>\n","protected":false},"excerpt":{"rendered":"<p>Cr\u00e9\u00e9 le 1er janvier 2014, le Centre de Recherche en Myologie, dirig\u00e9 par&nbsp;Denis Furling, PhD, est un p\u00f4le d\u2019excellence de recherche d\u00e9di\u00e9 \u00e0 la compr\u00e9hension des m\u00e9canismes de base des muscles dans leur environnement (cellulaire comme les neurones et les cellules inflammatoires ou au niveau du corps entier, y compris d\u2019autres organes cibl\u00e9s par des [&hellip;]<\/p>\n","protected":false},"author":1,"featured_media":0,"parent":0,"menu_order":0,"comment_status":"closed","ping_status":"closed","template":"","meta":{"ocean_post_layout":"full-width","ocean_both_sidebars_style":"","ocean_both_sidebars_content_width":0,"ocean_both_sidebars_sidebars_width":0,"ocean_sidebar":"","ocean_second_sidebar":"","ocean_disable_margins":"enable","ocean_add_body_class":"","ocean_shortcode_before_top_bar":"","ocean_shortcode_after_top_bar":"","ocean_shortcode_before_header":"","ocean_shortcode_after_header":"","ocean_has_shortcode":"","ocean_shortcode_after_title":"","ocean_shortcode_before_footer_widgets":"","ocean_shortcode_after_footer_widgets":"","ocean_shortcode_before_footer_bottom":"","ocean_shortcode_after_footer_bottom":"","ocean_display_top_bar":"default","ocean_display_header":"default","ocean_header_style":"","ocean_center_header_left_menu":"","ocean_custom_header_template":"","ocean_custom_logo":0,"ocean_custom_retina_logo":0,"ocean_custom_logo_max_width":0,"ocean_custom_logo_tablet_max_width":0,"ocean_custom_logo_mobile_max_width":0,"ocean_custom_logo_max_height":0,"ocean_custom_logo_tablet_max_height":0,"ocean_custom_logo_mobile_max_height":0,"ocean_header_custom_menu":"","ocean_menu_typo_font_family":"","ocean_menu_typo_font_subset":"","ocean_menu_typo_font_size":0,"ocean_menu_typo_font_size_tablet":0,"ocean_menu_typo_font_size_mobile":0,"ocean_menu_typo_font_size_unit":"px","ocean_menu_typo_font_weight":"","ocean_menu_typo_font_weight_tablet":"","ocean_menu_typo_font_weight_mobile":"","ocean_menu_typo_transform":"","ocean_menu_typo_transform_tablet":"","ocean_menu_typo_transform_mobile":"","ocean_menu_typo_line_height":0,"ocean_menu_typo_line_height_tablet":0,"ocean_menu_typo_line_height_mobile":0,"ocean_menu_typo_line_height_unit":"","ocean_menu_typo_spacing":0,"ocean_menu_typo_spacing_tablet":0,"ocean_menu_typo_spacing_mobile":0,"ocean_menu_typo_spacing_unit":"","ocean_menu_link_color":"","ocean_menu_link_color_hover":"","ocean_menu_link_color_active":"","ocean_menu_link_background":"","ocean_menu_link_hover_background":"","ocean_menu_link_active_background":"","ocean_menu_social_links_bg":"","ocean_menu_social_hover_links_bg":"","ocean_menu_social_links_color":"","ocean_menu_social_hover_links_color":"","ocean_disable_title":"default","ocean_disable_heading":"default","ocean_post_title":"","ocean_post_subheading":"","ocean_post_title_style":"","ocean_post_title_background_color":"","ocean_post_title_background":0,"ocean_post_title_bg_image_position":"","ocean_post_title_bg_image_attachment":"","ocean_post_title_bg_image_repeat":"","ocean_post_title_bg_image_size":"","ocean_post_title_height":0,"ocean_post_title_bg_overlay":0.5,"ocean_post_title_bg_overlay_color":"","ocean_disable_breadcrumbs":"default","ocean_breadcrumbs_color":"","ocean_breadcrumbs_separator_color":"","ocean_breadcrumbs_links_color":"","ocean_breadcrumbs_links_hover_color":"","ocean_display_footer_widgets":"default","ocean_display_footer_bottom":"default","ocean_custom_footer_template":"","footnotes":""},"class_list":["post-60","page","type-page","status-publish","hentry","entry"],"yoast_head":"<!-- This site is optimized with the Yoast SEO plugin v26.9 - https:\/\/yoast.com\/product\/yoast-seo-wordpress\/ -->\n<title>Centre de Recherche en Myologie - Institut de Myologie<\/title>\n<meta name=\"robots\" content=\"index, follow, max-snippet:-1, max-image-preview:large, max-video-preview:-1\" \/>\n<link rel=\"canonical\" href=\"https:\/\/strateg-it.fr\/index.php\/centre-de-recherche-en-myologie\/\" \/>\n<meta property=\"og:locale\" content=\"fr_FR\" \/>\n<meta property=\"og:type\" content=\"article\" \/>\n<meta property=\"og:title\" content=\"Centre de Recherche en Myologie - Institut de Myologie\" \/>\n<meta property=\"og:description\" content=\"Cr\u00e9\u00e9 le 1er janvier 2014, le Centre de Recherche en Myologie, dirig\u00e9 par&nbsp;Denis Furling, PhD, est un p\u00f4le d\u2019excellence de recherche d\u00e9di\u00e9 \u00e0 la compr\u00e9hension des m\u00e9canismes de base des muscles dans leur environnement (cellulaire comme les neurones et les cellules inflammatoires ou au niveau du corps entier, y compris d\u2019autres organes cibl\u00e9s par des [&hellip;]\" \/>\n<meta property=\"og:url\" content=\"https:\/\/strateg-it.fr\/index.php\/centre-de-recherche-en-myologie\/\" \/>\n<meta property=\"og:site_name\" content=\"Institut de Myologie\" \/>\n<meta property=\"article:modified_time\" content=\"2025-03-05T11:22:00+00:00\" \/>\n<meta property=\"og:image\" content=\"https:\/\/strateg-it.fr\/wp-content\/uploads\/2025\/03\/CRM-2-Institut-de-Myologie-2019-669x200-1.jpg\" \/>\n<meta name=\"twitter:card\" content=\"summary_large_image\" \/>\n<meta name=\"twitter:label1\" content=\"Dur\u00e9e de lecture estim\u00e9e\" \/>\n\t<meta name=\"twitter:data1\" content=\"1 minute\" \/>\n<script type=\"application\/ld+json\" class=\"yoast-schema-graph\">{\"@context\":\"https:\/\/schema.org\",\"@graph\":[{\"@type\":\"WebPage\",\"@id\":\"https:\/\/strateg-it.fr\/index.php\/centre-de-recherche-en-myologie\/\",\"url\":\"https:\/\/strateg-it.fr\/index.php\/centre-de-recherche-en-myologie\/\",\"name\":\"Centre de Recherche en Myologie - Institut de Myologie\",\"isPartOf\":{\"@id\":\"https:\/\/strateg-it.fr\/#website\"},\"primaryImageOfPage\":{\"@id\":\"https:\/\/strateg-it.fr\/index.php\/centre-de-recherche-en-myologie\/#primaryimage\"},\"image\":{\"@id\":\"https:\/\/strateg-it.fr\/index.php\/centre-de-recherche-en-myologie\/#primaryimage\"},\"thumbnailUrl\":\"https:\/\/strateg-it.fr\/wp-content\/uploads\/2025\/03\/CRM-2-Institut-de-Myologie-2019-669x200-1.jpg\",\"datePublished\":\"2025-03-05T08:37:03+00:00\",\"dateModified\":\"2025-03-05T11:22:00+00:00\",\"breadcrumb\":{\"@id\":\"https:\/\/strateg-it.fr\/index.php\/centre-de-recherche-en-myologie\/#breadcrumb\"},\"inLanguage\":\"fr-FR\",\"potentialAction\":[{\"@type\":\"ReadAction\",\"target\":[\"https:\/\/strateg-it.fr\/index.php\/centre-de-recherche-en-myologie\/\"]}]},{\"@type\":\"ImageObject\",\"inLanguage\":\"fr-FR\",\"@id\":\"https:\/\/strateg-it.fr\/index.php\/centre-de-recherche-en-myologie\/#primaryimage\",\"url\":\"https:\/\/strateg-it.fr\/wp-content\/uploads\/2025\/03\/CRM-2-Institut-de-Myologie-2019-669x200-1.jpg\",\"contentUrl\":\"https:\/\/strateg-it.fr\/wp-content\/uploads\/2025\/03\/CRM-2-Institut-de-Myologie-2019-669x200-1.jpg\",\"width\":669,\"height\":200},{\"@type\":\"BreadcrumbList\",\"@id\":\"https:\/\/strateg-it.fr\/index.php\/centre-de-recherche-en-myologie\/#breadcrumb\",\"itemListElement\":[{\"@type\":\"ListItem\",\"position\":1,\"name\":\"Accueil\",\"item\":\"https:\/\/strateg-it.fr\/\"},{\"@type\":\"ListItem\",\"position\":2,\"name\":\"Centre de Recherche en Myologie\"}]},{\"@type\":\"WebSite\",\"@id\":\"https:\/\/strateg-it.fr\/#website\",\"url\":\"https:\/\/strateg-it.fr\/\",\"name\":\"Institut de Myologie\",\"description\":\"\",\"publisher\":{\"@id\":\"https:\/\/strateg-it.fr\/#organization\"},\"potentialAction\":[{\"@type\":\"SearchAction\",\"target\":{\"@type\":\"EntryPoint\",\"urlTemplate\":\"https:\/\/strateg-it.fr\/?s={search_term_string}\"},\"query-input\":{\"@type\":\"PropertyValueSpecification\",\"valueRequired\":true,\"valueName\":\"search_term_string\"}}],\"inLanguage\":\"fr-FR\"},{\"@type\":\"Organization\",\"@id\":\"https:\/\/strateg-it.fr\/#organization\",\"name\":\"Institut de Myologie\",\"url\":\"https:\/\/strateg-it.fr\/\",\"logo\":{\"@type\":\"ImageObject\",\"inLanguage\":\"fr-FR\",\"@id\":\"https:\/\/strateg-it.fr\/#\/schema\/logo\/image\/\",\"url\":\"https:\/\/strateg-it.fr\/wp-content\/uploads\/2025\/03\/cropped-cropped-logoAIM-3.png\",\"contentUrl\":\"https:\/\/strateg-it.fr\/wp-content\/uploads\/2025\/03\/cropped-cropped-logoAIM-3.png\",\"width\":164,\"height\":45,\"caption\":\"Institut de Myologie\"},\"image\":{\"@id\":\"https:\/\/strateg-it.fr\/#\/schema\/logo\/image\/\"}}]}<\/script>\n<!-- \/ Yoast SEO plugin. -->","yoast_head_json":{"title":"Centre de Recherche en Myologie - Institut de Myologie","robots":{"index":"index","follow":"follow","max-snippet":"max-snippet:-1","max-image-preview":"max-image-preview:large","max-video-preview":"max-video-preview:-1"},"canonical":"https:\/\/strateg-it.fr\/index.php\/centre-de-recherche-en-myologie\/","og_locale":"fr_FR","og_type":"article","og_title":"Centre de Recherche en Myologie - Institut de Myologie","og_description":"Cr\u00e9\u00e9 le 1er janvier 2014, le Centre de Recherche en Myologie, dirig\u00e9 par&nbsp;Denis Furling, PhD, est un p\u00f4le d\u2019excellence de recherche d\u00e9di\u00e9 \u00e0 la compr\u00e9hension des m\u00e9canismes de base des muscles dans leur environnement (cellulaire comme les neurones et les cellules inflammatoires ou au niveau du corps entier, y compris d\u2019autres organes cibl\u00e9s par des [&hellip;]","og_url":"https:\/\/strateg-it.fr\/index.php\/centre-de-recherche-en-myologie\/","og_site_name":"Institut de Myologie","article_modified_time":"2025-03-05T11:22:00+00:00","og_image":[{"url":"https:\/\/strateg-it.fr\/wp-content\/uploads\/2025\/03\/CRM-2-Institut-de-Myologie-2019-669x200-1.jpg","type":"","width":"","height":""}],"twitter_card":"summary_large_image","twitter_misc":{"Dur\u00e9e de lecture estim\u00e9e":"1 minute"},"schema":{"@context":"https:\/\/schema.org","@graph":[{"@type":"WebPage","@id":"https:\/\/strateg-it.fr\/index.php\/centre-de-recherche-en-myologie\/","url":"https:\/\/strateg-it.fr\/index.php\/centre-de-recherche-en-myologie\/","name":"Centre de Recherche en Myologie - Institut de Myologie","isPartOf":{"@id":"https:\/\/strateg-it.fr\/#website"},"primaryImageOfPage":{"@id":"https:\/\/strateg-it.fr\/index.php\/centre-de-recherche-en-myologie\/#primaryimage"},"image":{"@id":"https:\/\/strateg-it.fr\/index.php\/centre-de-recherche-en-myologie\/#primaryimage"},"thumbnailUrl":"https:\/\/strateg-it.fr\/wp-content\/uploads\/2025\/03\/CRM-2-Institut-de-Myologie-2019-669x200-1.jpg","datePublished":"2025-03-05T08:37:03+00:00","dateModified":"2025-03-05T11:22:00+00:00","breadcrumb":{"@id":"https:\/\/strateg-it.fr\/index.php\/centre-de-recherche-en-myologie\/#breadcrumb"},"inLanguage":"fr-FR","potentialAction":[{"@type":"ReadAction","target":["https:\/\/strateg-it.fr\/index.php\/centre-de-recherche-en-myologie\/"]}]},{"@type":"ImageObject","inLanguage":"fr-FR","@id":"https:\/\/strateg-it.fr\/index.php\/centre-de-recherche-en-myologie\/#primaryimage","url":"https:\/\/strateg-it.fr\/wp-content\/uploads\/2025\/03\/CRM-2-Institut-de-Myologie-2019-669x200-1.jpg","contentUrl":"https:\/\/strateg-it.fr\/wp-content\/uploads\/2025\/03\/CRM-2-Institut-de-Myologie-2019-669x200-1.jpg","width":669,"height":200},{"@type":"BreadcrumbList","@id":"https:\/\/strateg-it.fr\/index.php\/centre-de-recherche-en-myologie\/#breadcrumb","itemListElement":[{"@type":"ListItem","position":1,"name":"Accueil","item":"https:\/\/strateg-it.fr\/"},{"@type":"ListItem","position":2,"name":"Centre de Recherche en Myologie"}]},{"@type":"WebSite","@id":"https:\/\/strateg-it.fr\/#website","url":"https:\/\/strateg-it.fr\/","name":"Institut de Myologie","description":"","publisher":{"@id":"https:\/\/strateg-it.fr\/#organization"},"potentialAction":[{"@type":"SearchAction","target":{"@type":"EntryPoint","urlTemplate":"https:\/\/strateg-it.fr\/?s={search_term_string}"},"query-input":{"@type":"PropertyValueSpecification","valueRequired":true,"valueName":"search_term_string"}}],"inLanguage":"fr-FR"},{"@type":"Organization","@id":"https:\/\/strateg-it.fr\/#organization","name":"Institut de Myologie","url":"https:\/\/strateg-it.fr\/","logo":{"@type":"ImageObject","inLanguage":"fr-FR","@id":"https:\/\/strateg-it.fr\/#\/schema\/logo\/image\/","url":"https:\/\/strateg-it.fr\/wp-content\/uploads\/2025\/03\/cropped-cropped-logoAIM-3.png","contentUrl":"https:\/\/strateg-it.fr\/wp-content\/uploads\/2025\/03\/cropped-cropped-logoAIM-3.png","width":164,"height":45,"caption":"Institut de Myologie"},"image":{"@id":"https:\/\/strateg-it.fr\/#\/schema\/logo\/image\/"}}]}},"_links":{"self":[{"href":"https:\/\/strateg-it.fr\/index.php\/wp-json\/wp\/v2\/pages\/60","targetHints":{"allow":["GET"]}}],"collection":[{"href":"https:\/\/strateg-it.fr\/index.php\/wp-json\/wp\/v2\/pages"}],"about":[{"href":"https:\/\/strateg-it.fr\/index.php\/wp-json\/wp\/v2\/types\/page"}],"author":[{"embeddable":true,"href":"https:\/\/strateg-it.fr\/index.php\/wp-json\/wp\/v2\/users\/1"}],"replies":[{"embeddable":true,"href":"https:\/\/strateg-it.fr\/index.php\/wp-json\/wp\/v2\/comments?post=60"}],"version-history":[{"count":5,"href":"https:\/\/strateg-it.fr\/index.php\/wp-json\/wp\/v2\/pages\/60\/revisions"}],"predecessor-version":[{"id":191,"href":"https:\/\/strateg-it.fr\/index.php\/wp-json\/wp\/v2\/pages\/60\/revisions\/191"}],"wp:attachment":[{"href":"https:\/\/strateg-it.fr\/index.php\/wp-json\/wp\/v2\/media?parent=60"}],"curies":[{"name":"wp","href":"https:\/\/api.w.org\/{rel}","templated":true}]}}