{"id":202,"date":"2025-03-05T12:27:05","date_gmt":"2025-03-05T11:27:05","guid":{"rendered":"https:\/\/strateg-it.fr\/?page_id=202"},"modified":"2025-03-05T12:27:05","modified_gmt":"2025-03-05T11:27:05","slug":"nos-partenaires","status":"publish","type":"page","link":"https:\/\/strateg-it.fr\/index.php\/nos-partenaires\/","title":{"rendered":"Nos partenaires"},"content":{"rendered":"\n<p><strong>Le projet de cr\u00e9ation de l\u2019Institut de Myologie a pu se concr\u00e9tiser gr\u00e2ce aux partenariats engag\u00e9s avec l\u2019Assistance Publique-H\u00f4pitaux de Paris, l\u2019Inserm (Institut National pour la Sant\u00e9 et Recherche M\u00e9dicale), Sorbonne Universit\u00e9 et le CEA (Commissariat \u00e0 l\u2019Energie Atomique).&nbsp;<\/strong><\/p>\n\n\n<div class=\"wp-block-image\">\n<figure class=\"alignleft\"><a href=\"http:\/\/www.afm-telethon.fr\/\" target=\"_blank\" rel=\"noreferrer noopener\"><img decoding=\"async\" src=\"https:\/\/www.institut-myologie.org\/wp-content\/uploads\/2015\/01\/logo_afmte769le769thon.png\" alt=\"logo_afmte769le769thon\" class=\"wp-image-1107\"\/><\/a><\/figure>\n<\/div>\n\n\n<p>En 1958, des malades et leurs familles se rassemblent au sein de l\u2019Association fran\u00e7aise contre les myopathies avec un objectif : la gu\u00e9rison des maladies neuromusculaires.<\/p>\n\n\n\n<p>Leur strat\u00e9gie : mener un combat sur tous les fronts de la maladie, de la recherche scientifique \u00e0 l\u2019aide aux malades et mettre en \u0153uvre une m\u00e9thode d\u2019int\u00e9r\u00eat g\u00e9n\u00e9ral autour des maladies g\u00e9n\u00e9tiques et des maladies rares. Pour sortir les malades de l\u2019oubli et rem\u00e9dier \u00e0 l\u2019absence presque totale de structures de recherches et de soins sur le muscle et ses maladies, l\u2019Association imagine, d\u00e8s le premier T\u00e9l\u00e9thon, la cr\u00e9ation d\u2019un Institut qui concentre, sur un m\u00eame site, toutes les comp\u00e9tences et les connaissances dans ce domaine. En r\u00e9alisant dix ans plus tard l\u2019Institut de Myologie en partenariat avec avec l\u2019Assistance Publique-H\u00f4pitaux de Paris et l\u2019Inserm, l\u2019AFM-T\u00e9l\u00e9thon contribue ainsi \u00e0 l\u2019\u00e9mergence d\u2019une tr\u00e8s ancienne discipline m\u00e9dicale : la myologie.<\/p>\n\n\n\n<p>L\u2019AFM-T\u00e9l\u00e9thon a d\u2019abord cherch\u00e9 \u00e0 comprendre l\u2019origine des maladies, avant d\u2019innover sur les voies de l\u2019aide et de la gu\u00e9rison. En organisant le T\u00e9l\u00e9thon, elle se donne les moyens de financer la recherche et de cr\u00e9er un syst\u00e8me de soins, de prise en charge et de diagnostic adapt\u00e9. Cette strat\u00e9gie innovante est en train de porter ses fruits puisque certaines de ces maladies r\u00e9put\u00e9es incurables sont en essai th\u00e9rapeutique. L\u2019AFM-T\u00e9l\u00e9thon est ainsi devenue un acteur incontournable dans le domaine de l\u2019\u00e9conomie de la sant\u00e9 et de la recherche scientifique et m\u00e9dicale.<\/p>\n\n\n\n<p>Gr\u00e2ce aux dons du T\u00e9l\u00e9thon (92,9 millions d\u2019euros en 2014), l\u2019association est devenue un acteur majeur de la recherche biom\u00e9dicale pour les maladies rares en France et dans le monde. Elle soutient aujourd\u2019hui des essais cliniques concernant des maladies g\u00e9n\u00e9tiques de la vue, du sang, du cerveau, du syst\u00e8me immunitaire, du muscle\u2026 \u00c0 travers son laboratoire G\u00e9n\u00e9thon, c\u2019est \u00e9galement une association atypique en capacit\u00e9 de concevoir, produire et tester ses propres m\u00e9dicaments de th\u00e9rapie innovante.<\/p>\n\n\n\n<p>Num\u00e9ro accueil familles 0 810 811 088 (num\u00e9ro azur)<\/p>\n\n\n<div class=\"wp-block-image\">\n<figure class=\"alignleft\"><a href=\"https:\/\/www.institut-myologie.org\/qui-sommes-nous\/partenaires\/www.genethon.fr\" target=\"_blank\" rel=\"noreferrer noopener\"><img decoding=\"async\" src=\"https:\/\/www.institut-myologie.org\/wp-content\/uploads\/2015\/01\/logo-Genethon-.png\" alt=\"\" class=\"wp-image-2658\"\/><\/a><\/figure>\n<\/div>\n\n\n<p>Cr\u00e9\u00e9 et financ\u00e9 par l\u2019AFM-T\u00e9l\u00e9thon, G\u00e9n\u00e9thon a pour mission de mettre \u00e0 la disposition des&nbsp;malades des traitements innovants de th\u00e9rapie g\u00e9nique. Apr\u00e8s avoir jou\u00e9 un r\u00f4le pionnier dans le&nbsp;d\u00e9cryptage du g\u00e9nome humain, G\u00e9n\u00e9thon est aujourd\u2019hui, avec plus de 200 chercheurs, &nbsp;m\u00e9decins, ing\u00e9nieurs, sp\u00e9cialistes des affaires r\u00e9glementaires\u2026, un des principaux centres&nbsp;internationaux de recherche et d\u00e9veloppement pr\u00e9clinique et clinique de traitements de th\u00e9rapie&nbsp;g\u00e9nique pour les maladies rares. G\u00e9n\u00e9thon dispose \u00e9galement du plus important site au monde de&nbsp;production de m\u00e9dicaments de th\u00e9rapie g\u00e9nique, G\u00e9n\u00e9thon Bioprod. G\u00e9n\u00e9thon a re\u00e7u le Prix&nbsp;Galien 2012 pour la Recherche pharmaceutique (France) et a \u00e9t\u00e9 ainsi le premier laboratoire \u00e0 but&nbsp;non lucratif \u00e0 recevoir cette distinction prestigieuse.<\/p>\n\n\n<div class=\"wp-block-image\">\n<figure class=\"alignleft\"><a href=\"http:\/\/www.ap-hp.fr\/\" target=\"_blank\" rel=\"noreferrer noopener\"><img decoding=\"async\" src=\"https:\/\/www.institut-myologie.org\/wp-content\/uploads\/2015\/01\/logo_aphp.png\" alt=\"logo_aphp\" class=\"wp-image-1109\"\/><\/a><\/figure>\n<\/div>\n\n\n<p>Premier groupe hospitalier europ\u00e9en, l\u2019Assistance Publique-H\u00f4pitaux de Paris constitue un p\u00f4le de r\u00e9f\u00e9rence en mati\u00e8re d\u2019accueil des&nbsp;malades, de soins et d\u2019enseignement de la m\u00e9decine et de la recherche clinique.&nbsp;D\u00e8s 1987, elle soutient le projet de l\u2019AFM et lui ouvre le site prestigieux de la Piti\u00e9-Salp\u00eatri\u00e8re. Elle a en charge, \u00e0 l\u2019Institut de&nbsp;Myologie, la consultation pluridisciplinaire sur les maladies neuromusculaires, pr\u00e9c\u00e9demment situ\u00e9e au Pavillon Risler de ce m\u00eame<br>h\u00f4pital.<\/p>\n\n\n<div class=\"wp-block-image\">\n<figure class=\"alignleft\"><a href=\"http:\/\/www.inserm.fr\/\" target=\"_blank\" rel=\"noreferrer noopener\"><img decoding=\"async\" src=\"https:\/\/www.institut-myologie.org\/wp-content\/uploads\/2015\/01\/logo_inserm.png\" alt=\"logo_inserm\" class=\"wp-image-1110\"\/><\/a><\/figure>\n<\/div>\n\n\n<p>Cr\u00e9\u00e9 en 1964, l\u2019Institut national de la sant\u00e9 et de la recherche m\u00e9dicale (Inserm) est un \u00e9tablissement public, plac\u00e9 sous la double tutelle du Minist\u00e8re de l\u2019Enseignement sup\u00e9rieur et de la recherche et du minist\u00e8re de la Sant\u00e9. Ses chercheurs ont pour vocation l\u2019\u00e9tude de toutes les maladies, des plus fr\u00e9quentes aux plus rares. L\u2019Inserm soutient pr\u00e8s de 300 laboratoires r\u00e9partis sur le territoire fran\u00e7ais. L\u2019ensemble des \u00e9quipes regroupe pr\u00e8s de 13 000 chercheurs, ing\u00e9nieurs, techniciens, gestionnaires. L\u2019Inserm est membre de l\u2019Alliance nationale pour les&nbsp;sciences de la vie et de la sant\u00e9, fond\u00e9e en avril 2009. En 2014, l\u2019Inserm a c\u00e9l\u00e8br\u00e9 ses 50 ans.<\/p>\n\n\n<div class=\"wp-block-image\">\n<figure class=\"alignleft\"><a href=\"http:\/\/http\/\/www-dsv.cea.fr\/\" target=\"_blank\" rel=\"noreferrer noopener\"><img decoding=\"async\" src=\"https:\/\/www.institut-myologie.org\/wp-content\/uploads\/2015\/01\/logo-dsv-cea.jpg\" alt=\"logo dsv cea\" class=\"wp-image-1114\"\/><\/a><\/figure>\n<\/div>\n\n\n<p>Cr\u00e9\u00e9 en 1945, le CEA est un organisme public de recherche technologique. Le CEA conduit les recherches n\u00e9cessaires \u00e0 la mise en \u0153uvre&nbsp;de la politique d\u00e9cid\u00e9e par le gouvernement dans les domaines du nucl\u00e9aire de d\u00e9fense, de l\u2019\u00e9nergie nucl\u00e9aire et des \u00e9nergies&nbsp;alternatives, et du d\u00e9veloppement technologique. Ses domaines d\u2019activit\u00e9 couvrent notamment la recherche sur les sciences du vivant,&nbsp;qui est regroup\u00e9e au sein d\u2019une direction sp\u00e9cifique, la DSV. Le premier axe de recherche de la DSV concerne l\u2019\u00e9tude des effets des rayonnements ionisants sur la mati\u00e8re vivante. Ces \u00e9tudes de radiobiologie sont men\u00e9es tant au niveau mol\u00e9culaire et cellulaire qu\u2019\u00e0 l\u2019\u00e9chelle de l\u2019organisme, et recouvrent la compr\u00e9hension des m\u00e9canismes d\u2019interaction entre rayonnements et mol\u00e9cules biologiques, l\u2019analyse des r\u00e9ponses au niveau des cellules, des tissus et des organismes. Les aspects de radiotoxicologie, et de toxicologie nucl\u00e9aire en g\u00e9n\u00e9ral, sont \u00e9galement explor\u00e9s. Ces recherches associent l\u2019\u00e9tude du g\u00e9nome, la biologie mol\u00e9culaire et cellulaire, \u00e0 l\u2019\u00e9tude de pathologies sp\u00e9cifiques. Le second axe de recherche privil\u00e9gi\u00e9 de la DSV porte sur les applications aux sciences du vivant de technologies issues du nucl\u00e9aire (d\u00e9veloppement de techniques de marquage et de nouveaux marqueurs), et sur leurs applications en imagerie m\u00e9dicale, biologie structurale et ing\u00e9nierie des prot\u00e9ines.<\/p>\n\n\n\n<p>Sorbonne Universit\u00e9 dont le r\u00f4le est de dispenser le savoir et d\u2019accompagner l\u2019essor des nouvelles disciplines participe au d\u00e9veloppement des&nbsp;connaissances sur la biologie neuromusculaire. L\u2019existence d\u2019un Dipl\u00f4me Inter-Universitaire de Myologie marque une \u00e9tape importante dans la prise en compte du muscle et de ses maladies dans les \u00e9tudes en m\u00e9decine.<\/p>\n","protected":false},"excerpt":{"rendered":"<p>Le projet de cr\u00e9ation de l\u2019Institut de Myologie a pu se concr\u00e9tiser gr\u00e2ce aux partenariats engag\u00e9s avec l\u2019Assistance Publique-H\u00f4pitaux de Paris, l\u2019Inserm (Institut National pour la Sant\u00e9 et Recherche M\u00e9dicale), Sorbonne Universit\u00e9 et le CEA (Commissariat \u00e0 l\u2019Energie Atomique).&nbsp; En 1958, des malades et leurs familles se rassemblent au sein de l\u2019Association fran\u00e7aise contre les [&hellip;]<\/p>\n","protected":false},"author":1,"featured_media":0,"parent":0,"menu_order":0,"comment_status":"closed","ping_status":"closed","template":"","meta":{"ocean_post_layout":"","ocean_both_sidebars_style":"","ocean_both_sidebars_content_width":0,"ocean_both_sidebars_sidebars_width":0,"ocean_sidebar":"","ocean_second_sidebar":"","ocean_disable_margins":"enable","ocean_add_body_class":"","ocean_shortcode_before_top_bar":"","ocean_shortcode_after_top_bar":"","ocean_shortcode_before_header":"","ocean_shortcode_after_header":"","ocean_has_shortcode":"","ocean_shortcode_after_title":"","ocean_shortcode_before_footer_widgets":"","ocean_shortcode_after_footer_widgets":"","ocean_shortcode_before_footer_bottom":"","ocean_shortcode_after_footer_bottom":"","ocean_display_top_bar":"default","ocean_display_header":"default","ocean_header_style":"","ocean_center_header_left_menu":"","ocean_custom_header_template":"","ocean_custom_logo":0,"ocean_custom_retina_logo":0,"ocean_custom_logo_max_width":0,"ocean_custom_logo_tablet_max_width":0,"ocean_custom_logo_mobile_max_width":0,"ocean_custom_logo_max_height":0,"ocean_custom_logo_tablet_max_height":0,"ocean_custom_logo_mobile_max_height":0,"ocean_header_custom_menu":"","ocean_menu_typo_font_family":"","ocean_menu_typo_font_subset":"","ocean_menu_typo_font_size":0,"ocean_menu_typo_font_size_tablet":0,"ocean_menu_typo_font_size_mobile":0,"ocean_menu_typo_font_size_unit":"px","ocean_menu_typo_font_weight":"","ocean_menu_typo_font_weight_tablet":"","ocean_menu_typo_font_weight_mobile":"","ocean_menu_typo_transform":"","ocean_menu_typo_transform_tablet":"","ocean_menu_typo_transform_mobile":"","ocean_menu_typo_line_height":0,"ocean_menu_typo_line_height_tablet":0,"ocean_menu_typo_line_height_mobile":0,"ocean_menu_typo_line_height_unit":"","ocean_menu_typo_spacing":0,"ocean_menu_typo_spacing_tablet":0,"ocean_menu_typo_spacing_mobile":0,"ocean_menu_typo_spacing_unit":"","ocean_menu_link_color":"","ocean_menu_link_color_hover":"","ocean_menu_link_color_active":"","ocean_menu_link_background":"","ocean_menu_link_hover_background":"","ocean_menu_link_active_background":"","ocean_menu_social_links_bg":"","ocean_menu_social_hover_links_bg":"","ocean_menu_social_links_color":"","ocean_menu_social_hover_links_color":"","ocean_disable_title":"default","ocean_disable_heading":"default","ocean_post_title":"","ocean_post_subheading":"","ocean_post_title_style":"","ocean_post_title_background_color":"","ocean_post_title_background":0,"ocean_post_title_bg_image_position":"","ocean_post_title_bg_image_attachment":"","ocean_post_title_bg_image_repeat":"","ocean_post_title_bg_image_size":"","ocean_post_title_height":0,"ocean_post_title_bg_overlay":0.5,"ocean_post_title_bg_overlay_color":"","ocean_disable_breadcrumbs":"default","ocean_breadcrumbs_color":"","ocean_breadcrumbs_separator_color":"","ocean_breadcrumbs_links_color":"","ocean_breadcrumbs_links_hover_color":"","ocean_display_footer_widgets":"default","ocean_display_footer_bottom":"default","ocean_custom_footer_template":"","footnotes":""},"class_list":["post-202","page","type-page","status-publish","hentry","entry"],"yoast_head":"<!-- This site is optimized with the Yoast SEO plugin v26.9 - https:\/\/yoast.com\/product\/yoast-seo-wordpress\/ -->\n<title>Nos partenaires - Institut de Myologie<\/title>\n<meta name=\"robots\" content=\"index, follow, max-snippet:-1, max-image-preview:large, max-video-preview:-1\" \/>\n<link rel=\"canonical\" href=\"https:\/\/strateg-it.fr\/index.php\/nos-partenaires\/\" \/>\n<meta property=\"og:locale\" content=\"fr_FR\" \/>\n<meta property=\"og:type\" content=\"article\" \/>\n<meta property=\"og:title\" content=\"Nos partenaires - Institut de Myologie\" \/>\n<meta property=\"og:description\" content=\"Le projet de cr\u00e9ation de l\u2019Institut de Myologie a pu se concr\u00e9tiser gr\u00e2ce aux partenariats engag\u00e9s avec l\u2019Assistance Publique-H\u00f4pitaux de Paris, l\u2019Inserm (Institut National pour la Sant\u00e9 et Recherche M\u00e9dicale), Sorbonne Universit\u00e9 et le CEA (Commissariat \u00e0 l\u2019Energie Atomique).&nbsp; En 1958, des malades et leurs familles se rassemblent au sein de l\u2019Association fran\u00e7aise contre les [&hellip;]\" \/>\n<meta property=\"og:url\" content=\"https:\/\/strateg-it.fr\/index.php\/nos-partenaires\/\" \/>\n<meta property=\"og:site_name\" content=\"Institut de Myologie\" \/>\n<meta property=\"og:image\" content=\"https:\/\/www.institut-myologie.org\/wp-content\/uploads\/2015\/01\/logo_afmte769le769thon.png\" \/>\n<meta name=\"twitter:card\" content=\"summary_large_image\" \/>\n<meta name=\"twitter:label1\" content=\"Dur\u00e9e de lecture estim\u00e9e\" \/>\n\t<meta name=\"twitter:data1\" content=\"5 minutes\" \/>\n<script type=\"application\/ld+json\" class=\"yoast-schema-graph\">{\"@context\":\"https:\/\/schema.org\",\"@graph\":[{\"@type\":\"WebPage\",\"@id\":\"https:\/\/strateg-it.fr\/index.php\/nos-partenaires\/\",\"url\":\"https:\/\/strateg-it.fr\/index.php\/nos-partenaires\/\",\"name\":\"Nos partenaires - Institut de Myologie\",\"isPartOf\":{\"@id\":\"https:\/\/strateg-it.fr\/#website\"},\"primaryImageOfPage\":{\"@id\":\"https:\/\/strateg-it.fr\/index.php\/nos-partenaires\/#primaryimage\"},\"image\":{\"@id\":\"https:\/\/strateg-it.fr\/index.php\/nos-partenaires\/#primaryimage\"},\"thumbnailUrl\":\"https:\/\/www.institut-myologie.org\/wp-content\/uploads\/2015\/01\/logo_afmte769le769thon.png\",\"datePublished\":\"2025-03-05T11:27:05+00:00\",\"breadcrumb\":{\"@id\":\"https:\/\/strateg-it.fr\/index.php\/nos-partenaires\/#breadcrumb\"},\"inLanguage\":\"fr-FR\",\"potentialAction\":[{\"@type\":\"ReadAction\",\"target\":[\"https:\/\/strateg-it.fr\/index.php\/nos-partenaires\/\"]}]},{\"@type\":\"ImageObject\",\"inLanguage\":\"fr-FR\",\"@id\":\"https:\/\/strateg-it.fr\/index.php\/nos-partenaires\/#primaryimage\",\"url\":\"https:\/\/www.institut-myologie.org\/wp-content\/uploads\/2015\/01\/logo_afmte769le769thon.png\",\"contentUrl\":\"https:\/\/www.institut-myologie.org\/wp-content\/uploads\/2015\/01\/logo_afmte769le769thon.png\"},{\"@type\":\"BreadcrumbList\",\"@id\":\"https:\/\/strateg-it.fr\/index.php\/nos-partenaires\/#breadcrumb\",\"itemListElement\":[{\"@type\":\"ListItem\",\"position\":1,\"name\":\"Accueil\",\"item\":\"https:\/\/strateg-it.fr\/\"},{\"@type\":\"ListItem\",\"position\":2,\"name\":\"Nos partenaires\"}]},{\"@type\":\"WebSite\",\"@id\":\"https:\/\/strateg-it.fr\/#website\",\"url\":\"https:\/\/strateg-it.fr\/\",\"name\":\"Institut de Myologie\",\"description\":\"\",\"publisher\":{\"@id\":\"https:\/\/strateg-it.fr\/#organization\"},\"potentialAction\":[{\"@type\":\"SearchAction\",\"target\":{\"@type\":\"EntryPoint\",\"urlTemplate\":\"https:\/\/strateg-it.fr\/?s={search_term_string}\"},\"query-input\":{\"@type\":\"PropertyValueSpecification\",\"valueRequired\":true,\"valueName\":\"search_term_string\"}}],\"inLanguage\":\"fr-FR\"},{\"@type\":\"Organization\",\"@id\":\"https:\/\/strateg-it.fr\/#organization\",\"name\":\"Institut de Myologie\",\"url\":\"https:\/\/strateg-it.fr\/\",\"logo\":{\"@type\":\"ImageObject\",\"inLanguage\":\"fr-FR\",\"@id\":\"https:\/\/strateg-it.fr\/#\/schema\/logo\/image\/\",\"url\":\"https:\/\/strateg-it.fr\/wp-content\/uploads\/2025\/03\/cropped-cropped-logoAIM-3.png\",\"contentUrl\":\"https:\/\/strateg-it.fr\/wp-content\/uploads\/2025\/03\/cropped-cropped-logoAIM-3.png\",\"width\":164,\"height\":45,\"caption\":\"Institut de Myologie\"},\"image\":{\"@id\":\"https:\/\/strateg-it.fr\/#\/schema\/logo\/image\/\"}}]}<\/script>\n<!-- \/ Yoast SEO plugin. -->","yoast_head_json":{"title":"Nos partenaires - Institut de Myologie","robots":{"index":"index","follow":"follow","max-snippet":"max-snippet:-1","max-image-preview":"max-image-preview:large","max-video-preview":"max-video-preview:-1"},"canonical":"https:\/\/strateg-it.fr\/index.php\/nos-partenaires\/","og_locale":"fr_FR","og_type":"article","og_title":"Nos partenaires - Institut de Myologie","og_description":"Le projet de cr\u00e9ation de l\u2019Institut de Myologie a pu se concr\u00e9tiser gr\u00e2ce aux partenariats engag\u00e9s avec l\u2019Assistance Publique-H\u00f4pitaux de Paris, l\u2019Inserm (Institut National pour la Sant\u00e9 et Recherche M\u00e9dicale), Sorbonne Universit\u00e9 et le CEA (Commissariat \u00e0 l\u2019Energie Atomique).&nbsp; En 1958, des malades et leurs familles se rassemblent au sein de l\u2019Association fran\u00e7aise contre les [&hellip;]","og_url":"https:\/\/strateg-it.fr\/index.php\/nos-partenaires\/","og_site_name":"Institut de Myologie","og_image":[{"url":"https:\/\/www.institut-myologie.org\/wp-content\/uploads\/2015\/01\/logo_afmte769le769thon.png","type":"","width":"","height":""}],"twitter_card":"summary_large_image","twitter_misc":{"Dur\u00e9e de lecture estim\u00e9e":"5 minutes"},"schema":{"@context":"https:\/\/schema.org","@graph":[{"@type":"WebPage","@id":"https:\/\/strateg-it.fr\/index.php\/nos-partenaires\/","url":"https:\/\/strateg-it.fr\/index.php\/nos-partenaires\/","name":"Nos partenaires - Institut de Myologie","isPartOf":{"@id":"https:\/\/strateg-it.fr\/#website"},"primaryImageOfPage":{"@id":"https:\/\/strateg-it.fr\/index.php\/nos-partenaires\/#primaryimage"},"image":{"@id":"https:\/\/strateg-it.fr\/index.php\/nos-partenaires\/#primaryimage"},"thumbnailUrl":"https:\/\/www.institut-myologie.org\/wp-content\/uploads\/2015\/01\/logo_afmte769le769thon.png","datePublished":"2025-03-05T11:27:05+00:00","breadcrumb":{"@id":"https:\/\/strateg-it.fr\/index.php\/nos-partenaires\/#breadcrumb"},"inLanguage":"fr-FR","potentialAction":[{"@type":"ReadAction","target":["https:\/\/strateg-it.fr\/index.php\/nos-partenaires\/"]}]},{"@type":"ImageObject","inLanguage":"fr-FR","@id":"https:\/\/strateg-it.fr\/index.php\/nos-partenaires\/#primaryimage","url":"https:\/\/www.institut-myologie.org\/wp-content\/uploads\/2015\/01\/logo_afmte769le769thon.png","contentUrl":"https:\/\/www.institut-myologie.org\/wp-content\/uploads\/2015\/01\/logo_afmte769le769thon.png"},{"@type":"BreadcrumbList","@id":"https:\/\/strateg-it.fr\/index.php\/nos-partenaires\/#breadcrumb","itemListElement":[{"@type":"ListItem","position":1,"name":"Accueil","item":"https:\/\/strateg-it.fr\/"},{"@type":"ListItem","position":2,"name":"Nos partenaires"}]},{"@type":"WebSite","@id":"https:\/\/strateg-it.fr\/#website","url":"https:\/\/strateg-it.fr\/","name":"Institut de Myologie","description":"","publisher":{"@id":"https:\/\/strateg-it.fr\/#organization"},"potentialAction":[{"@type":"SearchAction","target":{"@type":"EntryPoint","urlTemplate":"https:\/\/strateg-it.fr\/?s={search_term_string}"},"query-input":{"@type":"PropertyValueSpecification","valueRequired":true,"valueName":"search_term_string"}}],"inLanguage":"fr-FR"},{"@type":"Organization","@id":"https:\/\/strateg-it.fr\/#organization","name":"Institut de Myologie","url":"https:\/\/strateg-it.fr\/","logo":{"@type":"ImageObject","inLanguage":"fr-FR","@id":"https:\/\/strateg-it.fr\/#\/schema\/logo\/image\/","url":"https:\/\/strateg-it.fr\/wp-content\/uploads\/2025\/03\/cropped-cropped-logoAIM-3.png","contentUrl":"https:\/\/strateg-it.fr\/wp-content\/uploads\/2025\/03\/cropped-cropped-logoAIM-3.png","width":164,"height":45,"caption":"Institut de Myologie"},"image":{"@id":"https:\/\/strateg-it.fr\/#\/schema\/logo\/image\/"}}]}},"_links":{"self":[{"href":"https:\/\/strateg-it.fr\/index.php\/wp-json\/wp\/v2\/pages\/202","targetHints":{"allow":["GET"]}}],"collection":[{"href":"https:\/\/strateg-it.fr\/index.php\/wp-json\/wp\/v2\/pages"}],"about":[{"href":"https:\/\/strateg-it.fr\/index.php\/wp-json\/wp\/v2\/types\/page"}],"author":[{"embeddable":true,"href":"https:\/\/strateg-it.fr\/index.php\/wp-json\/wp\/v2\/users\/1"}],"replies":[{"embeddable":true,"href":"https:\/\/strateg-it.fr\/index.php\/wp-json\/wp\/v2\/comments?post=202"}],"version-history":[{"count":1,"href":"https:\/\/strateg-it.fr\/index.php\/wp-json\/wp\/v2\/pages\/202\/revisions"}],"predecessor-version":[{"id":203,"href":"https:\/\/strateg-it.fr\/index.php\/wp-json\/wp\/v2\/pages\/202\/revisions\/203"}],"wp:attachment":[{"href":"https:\/\/strateg-it.fr\/index.php\/wp-json\/wp\/v2\/media?parent=202"}],"curies":[{"name":"wp","href":"https:\/\/api.w.org\/{rel}","templated":true}]}}